{"id":496,"date":"2025-12-31T15:49:08","date_gmt":"2025-12-31T14:49:08","guid":{"rendered":"https:\/\/boutique.garance-voyageuse.org\/?post_type=product&#038;p=496"},"modified":"2026-01-26T18:03:41","modified_gmt":"2026-01-26T17:03:41","slug":"adhesion-couples","status":"publish","type":"product","link":"https:\/\/boutique.garance-voyageuse.org\/index.php\/produit\/adhesion-couples\/","title":{"rendered":"Adh\u00e9sion couples"},"content":{"rendered":"","protected":false},"excerpt":{"rendered":"<p>Adh\u00e9rer c&rsquo;est permettre \u00e0 l&rsquo;association, par votre soutien financier et moral, de continuer son action de sensibilisation et de protection par :<\/p>\n<ul>\n<li>l&rsquo;\u00e9dition de sa revue et autres supports de vulgarisation,<\/li>\n<li>les actions de protection de la flore sauvage et de ses habitats,<\/li>\n<li>les actions d&rsquo;\u00e9ducation et de sensibilisation \u00e0 travers des animations,<\/li>\n<li>les actions de conservation des esp\u00e8ces menac\u00e9es notamment \u00e0 travers le programme \u00ab\u00a0messicole\u00a0\u00bb.<\/li>\n<\/ul>\n<p>En adh\u00e9rant vous recevrez aussi le bulletin de liaison et vous aurez la possibilit\u00e9 de faire des recherches bibliographiques dans notre centre de documentation.<\/p>\n<p><strong>Si vous souhaitez rejoindre la<span style=\"font-size: 12pt;\"> liste de discussion <\/span><\/strong>de La Garance Voyageuse, merci de le pr\u00e9ciser dans la zone \u00ab\u00a0<strong><em><span class=\"hover-tootip\" data-tiptext=\"Notes et demandes sp\u00e9ciales\">Notes et demandes sp\u00e9ciales<\/span><\/em><\/strong>\u00a0\u00bb \u00e0 la fin du formulaire de paiement en ligne.<\/p>\n","protected":false},"featured_media":987,"template":"","meta":[],"product_brand":[],"product_cat":[19],"product_tag":[],"class_list":{"0":"post-496","1":"product","2":"type-product","3":"status-publish","4":"has-post-thumbnail","6":"product_cat-adhesion-a-lassociation","8":"first","9":"instock","10":"taxable","11":"shipping-taxable","12":"purchasable","13":"product-type-simple"},"jetpack_sharing_enabled":true,"_links":{"self":[{"href":"https:\/\/boutique.garance-voyageuse.org\/index.php\/wp-json\/wp\/v2\/product\/496","targetHints":{"allow":["GET"]}}],"collection":[{"href":"https:\/\/boutique.garance-voyageuse.org\/index.php\/wp-json\/wp\/v2\/product"}],"about":[{"href":"https:\/\/boutique.garance-voyageuse.org\/index.php\/wp-json\/wp\/v2\/types\/product"}],"wp:featuredmedia":[{"embeddable":true,"href":"https:\/\/boutique.garance-voyageuse.org\/index.php\/wp-json\/wp\/v2\/media\/987"}],"wp:attachment":[{"href":"https:\/\/boutique.garance-voyageuse.org\/index.php\/wp-json\/wp\/v2\/media?parent=496"}],"wp:term":[{"taxonomy":"product_brand","embeddable":true,"href":"https:\/\/boutique.garance-voyageuse.org\/index.php\/wp-json\/wp\/v2\/product_brand?post=496"},{"taxonomy":"product_cat","embeddable":true,"href":"https:\/\/boutique.garance-voyageuse.org\/index.php\/wp-json\/wp\/v2\/product_cat?post=496"},{"taxonomy":"product_tag","embeddable":true,"href":"https:\/\/boutique.garance-voyageuse.org\/index.php\/wp-json\/wp\/v2\/product_tag?post=496"}],"curies":[{"name":"wp","href":"https:\/\/api.w.org\/{rel}","templated":true}]}}