{"id":494,"date":"2025-12-31T15:49:08","date_gmt":"2025-12-31T14:49:08","guid":{"rendered":"https:\/\/boutique.garance-voyageuse.org\/?post_type=product&#038;p=494"},"modified":"2026-01-05T14:56:48","modified_gmt":"2026-01-05T13:56:48","slug":"n131-automne-2020","status":"publish","type":"product","link":"https:\/\/boutique.garance-voyageuse.org\/index.php\/produit\/n131-automne-2020\/","title":{"rendered":"n\u00b0131, automne 2020"},"content":{"rendered":"","protected":false},"excerpt":{"rendered":"<p>En cette rentr\u00e9e, qui n\u2019a pas \u00e9t\u00e9 pr\u00e9c\u00e9d\u00e9e de vacances pour tout le monde, le num\u00e9ro d\u2019automne de La Garance voyageuse vous propose un petit r\u00e9cit (botanique) de voyage en Croatie. Et, pour compenser l\u2019absence de promenades printani\u00e8res, il vous emm\u00e8ne \u00e0 la d\u00e9couverte de deux plantes discr\u00e8tes et m\u00e9connues : la lathr\u00e9e clandestine qui cache sous ses outrageux jupons violets le sans g\u00eane de son parasitisme, et le liparis de Loesel, orchid\u00e9e minuscule qui joue \u00e0 cache-cache en discret costume vert au milieu des marais. L\u2019arnica, lui, vous offrira cette fois ses capitules ensoleill\u00e9s, et c\u2019est parmi la gent ail\u00e9e que nous guetterons les entremetteurs des amours de plantes. Un cocktail \u00e9tonnant de phytohormones vous sera offert avant de vous faire rencontrer le \u00ab p\u00e8re de la botanique \u00bb en la personne du c\u00e9l\u00e8bre Leonhart Fuchs. Le voyage dans l\u2019anatomie des plantes par les \u00ab Chroniques v\u00e9g\u00e9tales \u00bb touchera \u00e0 sa fin et, pour les jours gris de l\u2019automne \u00e0 venir, vous pourrez vous inspirer de notre large choix de lectures, piment\u00e9 de quelques \u00e9chos des sciences \u00e0 m\u00e9diter.<\/p>\n","protected":false},"featured_media":522,"template":"","meta":[],"product_brand":[],"product_cat":[16],"product_tag":[],"class_list":{"0":"post-494","1":"product","2":"type-product","3":"status-publish","4":"has-post-thumbnail","6":"product_cat-tous-les-numeros","8":"first","9":"instock","10":"taxable","11":"shipping-taxable","12":"purchasable","13":"product-type-simple"},"jetpack_sharing_enabled":true,"_links":{"self":[{"href":"https:\/\/boutique.garance-voyageuse.org\/index.php\/wp-json\/wp\/v2\/product\/494","targetHints":{"allow":["GET"]}}],"collection":[{"href":"https:\/\/boutique.garance-voyageuse.org\/index.php\/wp-json\/wp\/v2\/product"}],"about":[{"href":"https:\/\/boutique.garance-voyageuse.org\/index.php\/wp-json\/wp\/v2\/types\/product"}],"wp:featuredmedia":[{"embeddable":true,"href":"https:\/\/boutique.garance-voyageuse.org\/index.php\/wp-json\/wp\/v2\/media\/522"}],"wp:attachment":[{"href":"https:\/\/boutique.garance-voyageuse.org\/index.php\/wp-json\/wp\/v2\/media?parent=494"}],"wp:term":[{"taxonomy":"product_brand","embeddable":true,"href":"https:\/\/boutique.garance-voyageuse.org\/index.php\/wp-json\/wp\/v2\/product_brand?post=494"},{"taxonomy":"product_cat","embeddable":true,"href":"https:\/\/boutique.garance-voyageuse.org\/index.php\/wp-json\/wp\/v2\/product_cat?post=494"},{"taxonomy":"product_tag","embeddable":true,"href":"https:\/\/boutique.garance-voyageuse.org\/index.php\/wp-json\/wp\/v2\/product_tag?post=494"}],"curies":[{"name":"wp","href":"https:\/\/api.w.org\/{rel}","templated":true}]}}