{"id":493,"date":"2025-12-31T15:49:08","date_gmt":"2025-12-31T14:49:08","guid":{"rendered":"https:\/\/boutique.garance-voyageuse.org\/?post_type=product&#038;p=493"},"modified":"2026-01-05T14:41:00","modified_gmt":"2026-01-05T13:41:00","slug":"n130-ete-2020","status":"publish","type":"product","link":"https:\/\/boutique.garance-voyageuse.org\/index.php\/produit\/n130-ete-2020\/","title":{"rendered":"n\u00b0130, \u00e9t\u00e9 2020"},"content":{"rendered":"","protected":false},"excerpt":{"rendered":"<p>Pour son num\u00e9ro d\u2019\u00e9t\u00e9 2020, La Garance voyageuse pose une devinette : quel est le rapport entre ce num\u00e9ro et le lilas d\u2019Espagne ? Rendez-vous \u00e0 la page 10. Et puis, apr\u00e8s avoir doctement go\u00fbt\u00e9-hum\u00e9 les substances tanniques de notre monde v\u00e9g\u00e9tal, nous apprendrons \u00e0 les utiliser pour faire de belles encres et de beaux dessins. Nous diss\u00e9querons l\u2019arnica puis nous irons r\u00eaver au milieu des bruy\u00e8res, avant de suivre les pollens transport\u00e9s de fleur en fleur par le vent fripon. Pour compenser l\u2019interdiction d\u2019herboriser en ce printemps de confinement, nous suivrons une herborisation du tout d\u00e9but du XXe si\u00e8cle sous la conduite d\u2019une courageuse femme botaniste. Enfin, le voyage dans l\u2019anatomie des plantes continue avec les Chroniques v\u00e9g\u00e9tales et, comme d\u2019habitude, vous pourrez picorer quelques \u00e9chos des sciences et vous inspirer de nos commentaires pour le choix de vos lectures estivales.<\/p>\n","protected":false},"featured_media":521,"template":"","meta":[],"product_brand":[],"product_cat":[16],"product_tag":[],"class_list":{"0":"post-493","1":"product","2":"type-product","3":"status-publish","4":"has-post-thumbnail","6":"product_cat-tous-les-numeros","8":"first","9":"instock","10":"taxable","11":"shipping-taxable","12":"purchasable","13":"product-type-simple"},"jetpack_sharing_enabled":true,"_links":{"self":[{"href":"https:\/\/boutique.garance-voyageuse.org\/index.php\/wp-json\/wp\/v2\/product\/493","targetHints":{"allow":["GET"]}}],"collection":[{"href":"https:\/\/boutique.garance-voyageuse.org\/index.php\/wp-json\/wp\/v2\/product"}],"about":[{"href":"https:\/\/boutique.garance-voyageuse.org\/index.php\/wp-json\/wp\/v2\/types\/product"}],"wp:featuredmedia":[{"embeddable":true,"href":"https:\/\/boutique.garance-voyageuse.org\/index.php\/wp-json\/wp\/v2\/media\/521"}],"wp:attachment":[{"href":"https:\/\/boutique.garance-voyageuse.org\/index.php\/wp-json\/wp\/v2\/media?parent=493"}],"wp:term":[{"taxonomy":"product_brand","embeddable":true,"href":"https:\/\/boutique.garance-voyageuse.org\/index.php\/wp-json\/wp\/v2\/product_brand?post=493"},{"taxonomy":"product_cat","embeddable":true,"href":"https:\/\/boutique.garance-voyageuse.org\/index.php\/wp-json\/wp\/v2\/product_cat?post=493"},{"taxonomy":"product_tag","embeddable":true,"href":"https:\/\/boutique.garance-voyageuse.org\/index.php\/wp-json\/wp\/v2\/product_tag?post=493"}],"curies":[{"name":"wp","href":"https:\/\/api.w.org\/{rel}","templated":true}]}}