{"id":492,"date":"2025-12-31T15:49:08","date_gmt":"2025-12-31T14:49:08","guid":{"rendered":"https:\/\/boutique.garance-voyageuse.org\/?post_type=product&#038;p=492"},"modified":"2026-01-05T14:57:06","modified_gmt":"2026-01-05T13:57:06","slug":"n129-printemps-2020","status":"publish","type":"product","link":"https:\/\/boutique.garance-voyageuse.org\/index.php\/produit\/n129-printemps-2020\/","title":{"rendered":"n\u00b0129, printemps 2020"},"content":{"rendered":"","protected":false},"excerpt":{"rendered":"<p>En ce printemps 2020, La Garance voyageuse batifole dans les campagnes, \u00e0 la rencontre des arbres t\u00eatards ou des aulnes. Elle jette un regard sur les migrations circumm\u00e9diterran\u00e9ennes du caroubier, et consid\u00e8re avec pond\u00e9ration le caract\u00e8re invasif du robinier faux acacia. Attention, elle glisse aussi des pages v\u00e9n\u00e9neuses sur l\u2019aconit ou les innombrables plantes toxiques par leurs alcalo\u00efdes (et cependant si souvent utilis\u00e9es !). Mais, beaux jours venant, elle s\u2019int\u00e9resse aussi aux amours des plantes, et pour ce trimestre-ci, aux pollinisations \u00e9tonnantes de quelques plantes aquatiques. Gr\u00e2ce \u00e0 la quatri\u00e8me s\u00e9rie des \u00ab Chroniques v\u00e9g\u00e9tales \u00bb, elle vous emm\u00e8ne dans un voyage au centre des plantes, \u00e0 la d\u00e9couverte de leur biologie intime. Et, comme toujours, elle distille ses \u00e9chos des sciences et vous propose des lectures \u00e0 d\u00e9guster sous votre arbre pr\u00e9f\u00e9r\u00e9, en attendant la plage.<\/p>\n","protected":false},"featured_media":520,"template":"","meta":[],"product_brand":[],"product_cat":[16],"product_tag":[],"class_list":{"0":"post-492","1":"product","2":"type-product","3":"status-publish","4":"has-post-thumbnail","6":"product_cat-tous-les-numeros","8":"first","9":"instock","10":"taxable","11":"shipping-taxable","12":"purchasable","13":"product-type-simple"},"jetpack_sharing_enabled":true,"_links":{"self":[{"href":"https:\/\/boutique.garance-voyageuse.org\/index.php\/wp-json\/wp\/v2\/product\/492","targetHints":{"allow":["GET"]}}],"collection":[{"href":"https:\/\/boutique.garance-voyageuse.org\/index.php\/wp-json\/wp\/v2\/product"}],"about":[{"href":"https:\/\/boutique.garance-voyageuse.org\/index.php\/wp-json\/wp\/v2\/types\/product"}],"wp:featuredmedia":[{"embeddable":true,"href":"https:\/\/boutique.garance-voyageuse.org\/index.php\/wp-json\/wp\/v2\/media\/520"}],"wp:attachment":[{"href":"https:\/\/boutique.garance-voyageuse.org\/index.php\/wp-json\/wp\/v2\/media?parent=492"}],"wp:term":[{"taxonomy":"product_brand","embeddable":true,"href":"https:\/\/boutique.garance-voyageuse.org\/index.php\/wp-json\/wp\/v2\/product_brand?post=492"},{"taxonomy":"product_cat","embeddable":true,"href":"https:\/\/boutique.garance-voyageuse.org\/index.php\/wp-json\/wp\/v2\/product_cat?post=492"},{"taxonomy":"product_tag","embeddable":true,"href":"https:\/\/boutique.garance-voyageuse.org\/index.php\/wp-json\/wp\/v2\/product_tag?post=492"}],"curies":[{"name":"wp","href":"https:\/\/api.w.org\/{rel}","templated":true}]}}