{"id":482,"date":"2025-12-31T15:49:07","date_gmt":"2025-12-31T14:49:07","guid":{"rendered":"https:\/\/boutique.garance-voyageuse.org\/?post_type=product&#038;p=482"},"modified":"2026-01-05T14:58:34","modified_gmt":"2026-01-05T13:58:34","slug":"n123-automne-2018","status":"publish","type":"product","link":"https:\/\/boutique.garance-voyageuse.org\/index.php\/produit\/n123-automne-2018\/","title":{"rendered":"n\u00b0123,  automne 2018"},"content":{"rendered":"","protected":false},"excerpt":{"rendered":"<p>Dans son num\u00e9ro d\u2019automne La Garance voyageuse c\u00e9l\u00e8bre \u00e0 sa fa\u00e7on \u2013 v\u00e9g\u00e9tale \u2013 le centenaire de l\u2019armistice en vous parlant des plantes obsidionales, quelques discr\u00e8tes esp\u00e8ces ayant suivi les arm\u00e9es en guerre. Elle vous d\u00e9brouille les subtiles distinctions entre pins noirs et vous fait d\u00e9couvrir le pin de Salzmann. Elle vous offre aussi une excursion \u00ab gustative \u00bb, d\u2019abord sur les traces du piment, parti du Mexique \u00e0 la conqu\u00eate des cuisines du monde, et en s\u2019interrogeant ensuite sur les cueillettes sauvages et ce qu\u2019elles disent de notre soci\u00e9t\u00e9 dans son rapport au monde v\u00e9g\u00e9tal, n\u2019oubliant pas les risques d\u2019intoxications dus \u00e0 la m\u00e9connaissance des plantes\u2026 (Faites de la botanique !). C\u2019est aussi \u00e0 la sant\u00e9 des plantes et \u00e0 leurs m\u00e9canismes immunitaires qu\u2019elle consacre quelques doctes pages. Et, comme d\u2019habitude, elle vous offre un bouquet d\u2019actualit\u00e9s scientifiques, un \u00e9ventail de lectures pour enrichir vos soir\u00e9es, et les Chroniques v\u00e9g\u00e9tales continuent \u00e0 mettre l\u2019\u00e9cologie en fables illustr\u00e9es.<\/p>\n","protected":false},"featured_media":512,"template":"","meta":[],"product_brand":[],"product_cat":[16],"product_tag":[],"class_list":{"0":"post-482","1":"product","2":"type-product","3":"status-publish","4":"has-post-thumbnail","6":"product_cat-tous-les-numeros","8":"first","9":"instock","10":"taxable","11":"shipping-taxable","12":"purchasable","13":"product-type-simple"},"jetpack_sharing_enabled":true,"_links":{"self":[{"href":"https:\/\/boutique.garance-voyageuse.org\/index.php\/wp-json\/wp\/v2\/product\/482","targetHints":{"allow":["GET"]}}],"collection":[{"href":"https:\/\/boutique.garance-voyageuse.org\/index.php\/wp-json\/wp\/v2\/product"}],"about":[{"href":"https:\/\/boutique.garance-voyageuse.org\/index.php\/wp-json\/wp\/v2\/types\/product"}],"wp:featuredmedia":[{"embeddable":true,"href":"https:\/\/boutique.garance-voyageuse.org\/index.php\/wp-json\/wp\/v2\/media\/512"}],"wp:attachment":[{"href":"https:\/\/boutique.garance-voyageuse.org\/index.php\/wp-json\/wp\/v2\/media?parent=482"}],"wp:term":[{"taxonomy":"product_brand","embeddable":true,"href":"https:\/\/boutique.garance-voyageuse.org\/index.php\/wp-json\/wp\/v2\/product_brand?post=482"},{"taxonomy":"product_cat","embeddable":true,"href":"https:\/\/boutique.garance-voyageuse.org\/index.php\/wp-json\/wp\/v2\/product_cat?post=482"},{"taxonomy":"product_tag","embeddable":true,"href":"https:\/\/boutique.garance-voyageuse.org\/index.php\/wp-json\/wp\/v2\/product_tag?post=482"}],"curies":[{"name":"wp","href":"https:\/\/api.w.org\/{rel}","templated":true}]}}