{"id":480,"date":"2025-12-31T15:49:07","date_gmt":"2025-12-31T14:49:07","guid":{"rendered":"https:\/\/boutique.garance-voyageuse.org\/?post_type=product&#038;p=480"},"modified":"2026-01-05T14:59:08","modified_gmt":"2026-01-05T13:59:08","slug":"n121-printemps-2018","status":"publish","type":"product","link":"https:\/\/boutique.garance-voyageuse.org\/index.php\/produit\/n121-printemps-2018\/","title":{"rendered":"n\u00b0121,  printemps 2018"},"content":{"rendered":"","protected":false},"excerpt":{"rendered":"<p>Pour commencer l\u2019ann\u00e9e 2018,<br \/>\nLa Garance voyageuse prend un peu de recul par rapport au monde v\u00e9g\u00e9tal. Elle ouvre une nouvelle s\u00e9rie de Chroniques dessin\u00e9es, o\u00f9 les plantes nous content l\u2019\u00e9cologie par les fables. Elle se penche sur une ethnologie de la cueillette de champignons. Elle vous entra\u00eene dans un d\u00e9bat sur l\u2019impact de l\u2019apiculture sur la biodiversit\u00e9, et sur l\u2019opportunit\u00e9 de mettre des ruches en ville. Elle fait un point sur un autre sujet de controverse, celui de l\u2019emploi des nouvelles technologies de manipulation g\u00e9n\u00e9tique. Et elle revient enfin sur l\u2019herbe, en vous faisant d\u00e9couvrir toutes les vertus de la \u00ab mauvaise herbe \u00bb de vos gazons qu\u2019est la verveine officinale ! Notes de lectures pour petits et grands, br\u00e8ves sur expositions, publications ou formations en botanique compl\u00e8tent ses pages printani\u00e8res. <\/p>\n","protected":false},"featured_media":510,"template":"","meta":[],"product_brand":[],"product_cat":[16],"product_tag":[],"class_list":{"0":"post-480","1":"product","2":"type-product","3":"status-publish","4":"has-post-thumbnail","6":"product_cat-tous-les-numeros","8":"first","9":"instock","10":"taxable","11":"shipping-taxable","12":"purchasable","13":"product-type-simple"},"jetpack_sharing_enabled":true,"_links":{"self":[{"href":"https:\/\/boutique.garance-voyageuse.org\/index.php\/wp-json\/wp\/v2\/product\/480","targetHints":{"allow":["GET"]}}],"collection":[{"href":"https:\/\/boutique.garance-voyageuse.org\/index.php\/wp-json\/wp\/v2\/product"}],"about":[{"href":"https:\/\/boutique.garance-voyageuse.org\/index.php\/wp-json\/wp\/v2\/types\/product"}],"wp:featuredmedia":[{"embeddable":true,"href":"https:\/\/boutique.garance-voyageuse.org\/index.php\/wp-json\/wp\/v2\/media\/510"}],"wp:attachment":[{"href":"https:\/\/boutique.garance-voyageuse.org\/index.php\/wp-json\/wp\/v2\/media?parent=480"}],"wp:term":[{"taxonomy":"product_brand","embeddable":true,"href":"https:\/\/boutique.garance-voyageuse.org\/index.php\/wp-json\/wp\/v2\/product_brand?post=480"},{"taxonomy":"product_cat","embeddable":true,"href":"https:\/\/boutique.garance-voyageuse.org\/index.php\/wp-json\/wp\/v2\/product_cat?post=480"},{"taxonomy":"product_tag","embeddable":true,"href":"https:\/\/boutique.garance-voyageuse.org\/index.php\/wp-json\/wp\/v2\/product_tag?post=480"}],"curies":[{"name":"wp","href":"https:\/\/api.w.org\/{rel}","templated":true}]}}