{"id":478,"date":"2025-12-31T15:49:07","date_gmt":"2025-12-31T14:49:07","guid":{"rendered":"https:\/\/boutique.garance-voyageuse.org\/?post_type=product&#038;p=478"},"modified":"2026-01-05T15:01:58","modified_gmt":"2026-01-05T14:01:58","slug":"n119-automne-2017","status":"publish","type":"product","link":"https:\/\/boutique.garance-voyageuse.org\/index.php\/produit\/n119-automne-2017\/","title":{"rendered":"n\u00b0119,  automne 2017"},"content":{"rendered":"","protected":false},"excerpt":{"rendered":"<p>En cette fin d\u2019\u00e9t\u00e9, le colchique est dans les pr\u00e9s\u2026 et dans les pages de La Garance voyageuse n\u00b0 119, qui vous d\u00e9voile tout sur cette plante atypique\u2026 Ce num\u00e9ro d\u2019automne s\u2019attarde sur des plantes dites \u00ab invasives \u00bb : on y d\u00e9taille les ambroisies, on y raconte l\u2019ailante, on s\u2019y interroge sur les r\u00e9ciprocit\u00e9s entre invasives de part et d\u2019autre de l\u2019Atlantique. On y fait le bilan du premier MOOC botanique, qui sera r\u00e9\u00e9dit\u00e9 au d\u00e9but de 2018. En cette rentr\u00e9e, La Garance s\u2019attache aussi \u00e0 rendre hommage \u00e0 une femme botaniste du XIXe si\u00e8cle, Cl\u00e9mence Lortet, et, \u00e0 travers elle, aux nombreuses femmes qui ont contribu\u00e9 \u00e0 cette discipline de fa\u00e7on discr\u00e8te et effac\u00e9e mais non moins efficace. Enfin, quelques pages vous inviteront \u00e0 r\u00e9fl\u00e9chir \u00e0 ce que pourrait \u00eatre une \u00ab conscience \u00bb chez les plantes, tandis que ces derni\u00e8res continuent de vous raconter l\u2019\u00e9volution avec humour et en bande dessin\u00e9e. <\/p>\n","protected":false},"featured_media":508,"template":"","meta":[],"product_brand":[],"product_cat":[16],"product_tag":[],"class_list":{"0":"post-478","1":"product","2":"type-product","3":"status-publish","4":"has-post-thumbnail","6":"product_cat-tous-les-numeros","8":"first","9":"instock","10":"taxable","11":"shipping-taxable","12":"purchasable","13":"product-type-simple"},"jetpack_sharing_enabled":true,"_links":{"self":[{"href":"https:\/\/boutique.garance-voyageuse.org\/index.php\/wp-json\/wp\/v2\/product\/478","targetHints":{"allow":["GET"]}}],"collection":[{"href":"https:\/\/boutique.garance-voyageuse.org\/index.php\/wp-json\/wp\/v2\/product"}],"about":[{"href":"https:\/\/boutique.garance-voyageuse.org\/index.php\/wp-json\/wp\/v2\/types\/product"}],"wp:featuredmedia":[{"embeddable":true,"href":"https:\/\/boutique.garance-voyageuse.org\/index.php\/wp-json\/wp\/v2\/media\/508"}],"wp:attachment":[{"href":"https:\/\/boutique.garance-voyageuse.org\/index.php\/wp-json\/wp\/v2\/media?parent=478"}],"wp:term":[{"taxonomy":"product_brand","embeddable":true,"href":"https:\/\/boutique.garance-voyageuse.org\/index.php\/wp-json\/wp\/v2\/product_brand?post=478"},{"taxonomy":"product_cat","embeddable":true,"href":"https:\/\/boutique.garance-voyageuse.org\/index.php\/wp-json\/wp\/v2\/product_cat?post=478"},{"taxonomy":"product_tag","embeddable":true,"href":"https:\/\/boutique.garance-voyageuse.org\/index.php\/wp-json\/wp\/v2\/product_tag?post=478"}],"curies":[{"name":"wp","href":"https:\/\/api.w.org\/{rel}","templated":true}]}}