{"id":472,"date":"2025-12-31T15:49:07","date_gmt":"2025-12-31T14:49:07","guid":{"rendered":"https:\/\/boutique.garance-voyageuse.org\/?post_type=product&#038;p=472"},"modified":"2026-01-05T15:05:27","modified_gmt":"2026-01-05T14:05:27","slug":"n113-printemps-2016","status":"publish","type":"product","link":"https:\/\/boutique.garance-voyageuse.org\/index.php\/produit\/n113-printemps-2016\/","title":{"rendered":"n\u00b0113,  printemps 2016"},"content":{"rendered":"","protected":false},"excerpt":{"rendered":"<p>Dans ce num\u00e9ro 113, il sera question de Bigaradier, de relation entre l\u2019homme et la Nature au XIX\u00e8me si\u00e8cle \u00e0 travers les \u00e9crits d\u2019un abb\u00e9 botaniste, du comaret et des for\u00eats de noisetiers sauvages en Ecosse. Nous poursuivrons nos d\u00e9ambulations entre plantes et insectes avec un petit panorama des exotiques envahisseurs et une \u00e9tude des relations entre plantes, parasites et parasito\u00efdes. Nous nous attarderons sur le trolle, bouton d\u2019or particulier dont les pollinisateurs sont aussi les parasites.<br \/>\nEt nous survolerons mille et une autres informations que nous apporteront les \u00e9chos des sciences et lectures.<\/p>\n","protected":false},"featured_media":502,"template":"","meta":[],"product_brand":[],"product_cat":[16],"product_tag":[],"class_list":{"0":"post-472","1":"product","2":"type-product","3":"status-publish","4":"has-post-thumbnail","6":"product_cat-tous-les-numeros","8":"first","9":"instock","10":"taxable","11":"shipping-taxable","12":"purchasable","13":"product-type-simple"},"jetpack_sharing_enabled":true,"_links":{"self":[{"href":"https:\/\/boutique.garance-voyageuse.org\/index.php\/wp-json\/wp\/v2\/product\/472","targetHints":{"allow":["GET"]}}],"collection":[{"href":"https:\/\/boutique.garance-voyageuse.org\/index.php\/wp-json\/wp\/v2\/product"}],"about":[{"href":"https:\/\/boutique.garance-voyageuse.org\/index.php\/wp-json\/wp\/v2\/types\/product"}],"wp:featuredmedia":[{"embeddable":true,"href":"https:\/\/boutique.garance-voyageuse.org\/index.php\/wp-json\/wp\/v2\/media\/502"}],"wp:attachment":[{"href":"https:\/\/boutique.garance-voyageuse.org\/index.php\/wp-json\/wp\/v2\/media?parent=472"}],"wp:term":[{"taxonomy":"product_brand","embeddable":true,"href":"https:\/\/boutique.garance-voyageuse.org\/index.php\/wp-json\/wp\/v2\/product_brand?post=472"},{"taxonomy":"product_cat","embeddable":true,"href":"https:\/\/boutique.garance-voyageuse.org\/index.php\/wp-json\/wp\/v2\/product_cat?post=472"},{"taxonomy":"product_tag","embeddable":true,"href":"https:\/\/boutique.garance-voyageuse.org\/index.php\/wp-json\/wp\/v2\/product_tag?post=472"}],"curies":[{"name":"wp","href":"https:\/\/api.w.org\/{rel}","templated":true}]}}