{"id":439,"date":"2025-12-31T15:48:52","date_gmt":"2025-12-31T14:48:52","guid":{"rendered":"https:\/\/boutique.garance-voyageuse.org\/?post_type=product&#038;p=439"},"modified":"2026-01-05T15:28:32","modified_gmt":"2026-01-05T14:28:32","slug":"n111-automne-2015","status":"publish","type":"product","link":"https:\/\/boutique.garance-voyageuse.org\/index.php\/produit\/n111-automne-2015\/","title":{"rendered":"n\u00b0111,  automne 2015"},"content":{"rendered":"","protected":false},"excerpt":{"rendered":"<p>Dans ce num\u00e9ro 111, nous d\u00e9ambulerons sous les \u00ab all\u00e9es \u00bb d\u2019arbres : celles des ch\u00e2teaux et jardins \u00e0 la fran\u00e7aise, celles de nos routes, si fort menac\u00e9es de disparition, et celles de nos villes o\u00f9, habitats sp\u00e9cifiques, puits de carbone et bons r\u00e9ducteurs de polluants de l\u2019air, elles participent \u00e0 la pr\u00e9servation de la biodiversit\u00e9.<br \/>\nDe biodiversit\u00e9 il sera question aussi au travers de l\u2019histoire de la gestion des semences, de jeux de billes avec les graines de tamarin ou de kokkho dans les campagnes du Laos et de sauvegarde du panicaut vivipare dans le Morbihan.<br \/>\nNous nous attarderons sur les anomalies v\u00e9g\u00e9tales que sont les fasciations \u2013 lin\u00e9aires, en anneau ou en \u00e9toile \u2013 de nos herbac\u00e9es, lianes et buissons et sur la ressource patrimoniale qu\u2019est Gentiana lutea du Massif central et des Pyr\u00e9n\u00e9es.<br \/>\nNous zoomerons sur les cinq esp\u00e8ces m\u00e9tropolitaines de \u00ab nerpruns \u00bb : nains, alpins, purgatifs, alaternes ou des rochers.<br \/>\nEnfin nous survolerons mille et une autres informations que nous apporteront les rubriques habituelles, br\u00e8ves, \u00e9chos des sciences et lectures.<\/p>\n","protected":false},"featured_media":469,"template":"","meta":[],"product_brand":[],"product_cat":[16],"product_tag":[],"class_list":{"0":"post-439","1":"product","2":"type-product","3":"status-publish","4":"has-post-thumbnail","6":"product_cat-tous-les-numeros","8":"first","9":"instock","10":"taxable","11":"shipping-taxable","12":"purchasable","13":"product-type-simple"},"jetpack_sharing_enabled":true,"_links":{"self":[{"href":"https:\/\/boutique.garance-voyageuse.org\/index.php\/wp-json\/wp\/v2\/product\/439","targetHints":{"allow":["GET"]}}],"collection":[{"href":"https:\/\/boutique.garance-voyageuse.org\/index.php\/wp-json\/wp\/v2\/product"}],"about":[{"href":"https:\/\/boutique.garance-voyageuse.org\/index.php\/wp-json\/wp\/v2\/types\/product"}],"wp:featuredmedia":[{"embeddable":true,"href":"https:\/\/boutique.garance-voyageuse.org\/index.php\/wp-json\/wp\/v2\/media\/469"}],"wp:attachment":[{"href":"https:\/\/boutique.garance-voyageuse.org\/index.php\/wp-json\/wp\/v2\/media?parent=439"}],"wp:term":[{"taxonomy":"product_brand","embeddable":true,"href":"https:\/\/boutique.garance-voyageuse.org\/index.php\/wp-json\/wp\/v2\/product_brand?post=439"},{"taxonomy":"product_cat","embeddable":true,"href":"https:\/\/boutique.garance-voyageuse.org\/index.php\/wp-json\/wp\/v2\/product_cat?post=439"},{"taxonomy":"product_tag","embeddable":true,"href":"https:\/\/boutique.garance-voyageuse.org\/index.php\/wp-json\/wp\/v2\/product_tag?post=439"}],"curies":[{"name":"wp","href":"https:\/\/api.w.org\/{rel}","templated":true}]}}